e 0 = -s - 0 + 2, -5*j - 39 = -2*s. Let h(l) = -l**3 - 8*l**2 - 10*l - 8. List the prime factors of h(j).
13
Let t(m) = m**2 - 3*m - 2. Let g = -19 + 23. Let l be t(g). What are the prime factors of (8/20)/(l/60)?
2, 3
What are the prime factors of 1/2*-6 - (-36 + -3752)?
5, 757
Let v(a) = -a**3 + 14*a**2 + 16*a + 31. What are the prime factors of v(7)?
2, 3
Let h = 35 + -49. Let k = h - -18. Suppose 4*q - k*f = 4, -2*f = -6 - 4. List the prime factors of q.
2, 3
Let r(b) = 49*b - 35. Suppose -s - 3*s + 140 = 0. Let m(t) = -8*t + 6. Let j(n) = s*m(n) + 6*r(n). What are the prime factors of j(2)?
2, 7
Let s(r) = -2*r**2 + 8*r + 8. Let b be s(9). Let o = -19 - b. Let z = o - 20. What are the prime factors of z?
43
Let w(c) = 267*c + 92. What are the prime factors of w(5)?
1427
Suppose 10*m = -351 + 11. Let b = 75 - 168. Let a = m - b. What are the prime factors of a?
59
Suppose -g + 2822 = l + 3*l, -4*l - 5680 = -2*g. What are the prime factors of g?
2, 13, 109
Let g = -24 - -26. What are the prime factors of 167 + (10/4 - 4)*g?
2, 41
Suppose 3*n = 4*r - 42 - 107, -4*r = 3*n + 133. Let l = n + 107. List the prime factors of l.
2, 3, 5
Let m(j) be the third derivative of -j**6/120 + j**5/4 - 13*j**4/24 + 3*j**3/2 + 15*j**2. What are the prime factors of m(14)?
23
Let s = 10 - 29. Let w = s + 37. List the prime factors of w.
2, 3
Suppose 4*g - 2400 = -2*c, 7000 - 1000 = 5*c - 3*g. List the prime factors of c.
2, 3, 5
Suppose -5*x + m - 6 = -10*x, 0 = -x - 5*m - 18. Let c(r) = -40*r**2 + 17*r**2 + 2*r**3 + 20*r**2 - x. What are the prime factors of c(4)?
2, 3, 13
Suppose -22 = 2*b - 30. Suppose -66 = -b*c + 258. What are the prime factors of c?
3
Let q(w) = -w**3 - 6*w**2 - 6*w - 2. Let k be q(-5). Suppose -3*a + 33 = k*j, 5*j - 19 = 4*a - 0*a. Let v = j - 4. What are the prime factors of v?
3
Suppose 5*y - 12 = -4*d, 4*y - 2*d = d - 9. Suppose 4*h = 4*i + 12, y = 3*h - 0*i + i - 25. Let a(o) = o**3 - 6*o**2 - 3*o - 13. List the prime factors of a(h).
3, 5
Suppose -4*v + 3*a + 10 + 54 = 0, -8 = -2*a. Suppose -h + 15 = -v. List the prime factors of h.
2, 17
Let h = 10 + -7. Suppose 3*b + 77 = -4*y, 0 = 2*b + h*b + 5*y + 130. What are the prime factors of (b*5)/(-3) + -1?
2, 11
Let j be (-38)/(-9) + 22/(-99). Suppose 4*q + x + x = 10, 0 = -q - 2*x - 2. Suppose j*p - q = 196. List the prime factors of p.
2, 5
Suppose 6 = 2*b, s = -5*b + 46 - 9. Suppose 4*d + 0*d - x = 53, d - s = 2*x. Let a(r) = r**3 - 13*r**2 + 15*r - 10. What are the prime factors of a(d)?
2, 13
Suppose 3 - 18 = -5*m. Suppose 0 = 3*x - j - 3*j - 202, m*x = j + 190. What are the prime factors of x?
2, 31
Suppose 39*c - 35*c - 3148 = 0. What are the prime factors of c?
787
Let l(u) = 7*u**2 - 4*u - 27. What are the prime factors of l(7)?
2, 3
Suppose 294 = -8*h + 2702. List the prime factors of h.
7, 43
Let u = 33 - 15. Suppose -2*k + 8 = -u. List the prime factors of k.
13
Suppose 3*z - 5*l = 745, -4*l - 746 = -0*z - 3*z. Suppose -b = j - z, -2*b = -b - 4*j - 230. What are the prime factors of b?
2, 3, 41
Let s be 0 + -3 - (1 - 18). Suppose 0*y - 5*w - 18 = 3*y, 5*y + s = -3*w. What are the prime factors of 3/y + 30 + -3?
2, 3
Suppose 0 = 3*l + 11*y - 6*y - 3557, -y = -l + 1199. What are the prime factors of l?
2, 3, 199
Let b be (-6)/(-1) + (-3)/1. Let k be b - (-34 - (2 + -3)). Let c = k - 25. List the prime factors of c.
11
Let o(w) be the third derivative of w**5/20 - w**4/24 + w**3/3 - 16*w**2. Suppose v - 6 = -v. What are the prime factors of o(v)?
2, 13
Let n = -1046 - -1663. What are the prime factors of n?
617
Let o(v) = 22*v**2 + 46*v - 45. What are the prime factors of o(11)?
3, 347
Let h(s) = -s**3 + 42*s**2 - 11*s + 325. List the prime factors of h(39).
7, 13
Let u = 604 - 222. Suppose -390 = -2*r - 3*a - a, -2*a = 2*r - u. List the prime factors of r.
11, 17
Suppose -5*b + 0*l - 2*l = -4170, 0 = 5*b + 5*l - 4185. List the prime factors of b.
2, 13
Let i(u) = u + 22. Let p be i(3). Suppose p*l = 24*l + 113. What are the prime factors of l?
113
Suppose -5*o = -6 + 11, -5*q = -4*o - 2119. What are the prime factors of q?
3, 47
Suppose 0 = 2*i + h + 2*h - 10, 4*h = i - 5. Suppose -4*v + 269 = 3*z - 50, 5*v - i*z = 390. Suppose -121 = -5*n + v. What are the prime factors of n?
2, 5
Let s(j) = -j**2 - 4*j + 71. List the prime factors of s(-9).
2, 13
Let d(r) = 7*r + 3. Let u be d(-5). Suppose -50 - 10 = -12*o. List the prime factors of 30/(-4)*u/o.
2, 3
Let d(l) = 8*l**2 + 7*l**2 + 12 - 1 - 7*l - 13*l**2. What are the prime factors of d(6)?
41
Let g be (-1 + (-97)/(-5))*(-45)/(-18). Let a = 79 + g. List the prime factors of a.
5
Suppose -3*z + 14*q = 16*q - 12491, -2*q = -z + 4153. List the prime factors of z.
3, 19, 73
Let k(j) = j**3 + 14*j**2 - 25*j - 20. Let l be k(-17). Let q = -291 - l. What are the prime factors of q?
3, 19
Let n be (1 - -2) + -4 + 11. Let o = n - 8. List the prime factors of o.
2
Suppose 3*x + 50 = -5*q + 8*x, -2*x = 0. Let f be (5 - 3)*q/(-4). Suppose -f*h + 48 = -72. What are the prime factors of h?
2, 3
Suppose -10*d + 3*m + 1175 = -6*d, -2*d = -m - 589. List the prime factors of d.
2, 37
Let f(g) = -g - 20. Let y(x) = x + 19. Let b(i) = -i**3 - 8*i**2 - 8*i - 9. Let h be b(-7). Let c(l) = h*y(l) - 3*f(l). What are the prime factors of c(0)?
2, 11
Let n(u) be the first derivative of 17*u**3/3 - 3*u**2 + 3*u - 56. List the prime factors of n(-3).
2, 3, 29
Let o = -5376 + 9355. List the prime factors of o.
23, 173
Let u(v) = 16*v**2 + 12*v + 112. What are the prime factors of u(-9)?
2, 5, 13
Let s be (4 - 4)*3/3. Suppose 7*x - 140 = -s*x. What are the prime factors of x?
2, 5
Suppose -25*l + 82354 - 28679 = 0. What are the prime factors of l?
19, 113
What are the prime factors of (-34982)/(-34) - 10/(-85)?
3, 7
Let t be 1/(-1*1/12). Let p = t + 16. Suppose -12 = -2*u + p*l, l = -3*u - l + 42. What are the prime factors of u?
2, 3
Let v(y) = 2*y - 19. Let m be v(8). Let c = m + 15. List the prime factors of c.
2, 3
Let h = -143 + 150. What are the prime factors of h?
7
Suppose 2781 = 3*n - 2577. List the prime factors of n.
2, 19, 47
Suppose -12*n - 4 = -2080. List the prime factors of n.
173
Let g = 74 + 0. Let l be (-2 - (-4 - 0)) + g. Let k = -38 + l. List the prime factors of k.
2, 19
Let h be 225/60*(-104)/(-3). Suppose 5*l + h = 10*l. List the prime factors of l.
2, 13
Let r be (-3 - -1) + 8 + 2. Let f(a) = 6*a**2 - 9*a - 8. Let g(l) = l**2 - 1. Let b(s) = -f(s) + 5*g(s). List the prime factors of b(r).
11
Let f = -84 + 108. What are the prime factors of (8/6)/(74/f + -3)?
2
Let y be 0 - 8/(16/(-4)). Suppose 0 = y*v + w + 275, 0*v - 411 = 3*v + 3*w. Let g = -69 - v. What are the prime factors of g?
3, 23
Let d(t) = 2*t**2 - 11*t + 14. Let p be d(4). Suppose 5*q - 2*b = 510, q - p*q + 4*b = -84. List the prime factors of q.
2, 13
Let u be (-3)/12*-2*-64. Let w be (-2110)/(-26) - 12/78. Let z = u + w. What are the prime factors of z?
7
Let i = -3376 - -8411. List the prime factors of i.
5, 19, 53
Suppose 0 = w - 2*w + 2*d + 1209, 5*d + 3623 = 3*w. List the prime factors of w.
1201
Let b(r) = 21*r + 660. List the prime factors of b(31).
3, 19, 23
Suppose 3*m + t + t - 26 = 0, 4*t - 12 = -m. Let n(x) = 2*x**2 - x + 2*x - 3*x - m + 6. List the prime factors of n(4).
2, 11
Suppose 0 = 2*p - 2*b + 14, -6*b + 2*b = -20. Let a(g) = -9*g**3 - 2*g**2 + g + 1. Let h be a(p). Suppose -9*y + h = -6*y. What are the prime factors of y?
3, 7
Let b(q) = q**2 + 7*q - 1. Let n be b(-6). Let h be (n/3)/((-7)/42). Suppose 304 = 18*r - h*r. List the prime factors of r.
2, 19
Let j(k) = -26*k - 490. Let i be j(-19). Let d = 13 + -9. List the prime factors of d/((-24)/(-27))*i.
2, 3
Suppose 6*d + 83 = -103. Let f = -31 - d. Suppose f = -3*a + w + 176, 127 = 3*a + 2*w - 52. What are the prime factors of a?
59
Let o be -32 - 4/(-1 - 1). Let h = 15 + -33. Let w = h - o. What are the prime factors of w?
2, 3
Let b(p) = -p**3 + 16*p**2 - 15*p. Let c be b(15). Suppose -q = -2*o + 309, 2*q + 2*q + 20 = c. What are the prime factors of o?
2, 19
Suppose -3*p + 43 = -b, 3*b = p + 3*p - 144. Suppose 4*c - 404 = -0*c. Let j = b + c. What are the prime factors of j?
7
Let v be 49*(0 + -5)/(-5). What are the prime factors of -1*4*v/(-28)?
7
Let r = -457 - -1266. List the prime f